 and 106?
53
Let l = 0 - -13. Calculate the greatest common factor of 13 and l.
13
Let l(s) = -s**2 + s - 1. Let r be l(1). Let o = -3 - r. Let t be (-3 + 9)/(o/(-4)). Calculate the highest common divisor of t and 120.
12
Let g = -12 + 30. Suppose -21 - g = -a - 2*b, 4*a + 2*b = 156. Let l = -27 + a. What is the greatest common divisor of l and 96?
12
Suppose 2*d - 120 = -h, -4*h - 43 + 538 = 3*d. What is the greatest common divisor of 14 and h?
14
Let c(q) = 7*q + 66. Let u be c(0). Suppose -30 = x - 6*x. Calculate the greatest common divisor of u and x.
6
Suppose -3*y + 390 = -3*i, -4*y - 5*i + 195 = -280. Suppose w + 125 = 6*w + 5*c, 0 = -5*w - 3*c + y. What is the greatest common divisor of 175 and w?
25
Let j(y) = -y**2 + 8*y - 5. Let f be j(5). Let n be 79 - 1/(0 + -1). Calculate the highest common factor of n and f.
10
Suppose 3 = -3*w, 3*p - 5*p + 2*w + 4 = 0. What is the highest common divisor of 16 and p?
1
Suppose 2*o - 10 = o. Let x be (-4)/(-12) + (-148)/(-6). Calculate the greatest common divisor of x and o.
5
Suppose 0 = -5*u - s - s - 6, -3*s - 4 = 5*u. Let c be 3 + -1*(-1 - u). Let w = -26 + 36. Calculate the greatest common factor of w and c.
2
Let h(n) = -n**3 - 3*n**2 - 8*n - 2. Let m be h(-6). Suppose 0 = 4*d - 3*d - m. Calculate the highest common divisor of 14 and d.
14
Let i(h) = -16*h - 12*h - 2 + 8*h. Let f(q) = q. Let r(b) = -6*f(b) + i(b). Let k be r(-2). Calculate the highest common divisor of k and 10.
10
Suppose -2*r + 3208 = 3*v, r - 4*r = 3. Suppose b + v = -4*b. Let z = -123 - b. What is the greatest common factor of 13 and z?
13
Let a(q) be the first derivative of -q**2/2 + 12*q + 1. Let z be a(5). What is the greatest common divisor of 35 and z?
7
Let t = -2 + 6. Suppose v = l - 0*v, 5*l + v - 24 = 0. Calculate the greatest common divisor of t and l.
4
Let z be (-3)/(12/16) - -8. Calculate the greatest common factor of z and 6.
2
Let l(p) = -p - 3. Let j be l(-3). Suppose -2*i + 0*i = j. Suppose 2*n - 48 = -i*n. Calculate the highest common factor of 96 and n.
24
Let q(h) = -10*h - 3 + 2*h - 2 + h. Let n be q(-10). Suppose 3*s - 2*y + 0 = 43, -5*s + n = -2*y. What is the greatest common divisor of 121 and s?
11
Suppose 23 = 4*d - 65. What is the greatest common factor of d and 55?
11
Suppose -5*i = 5*i - 280. What is the highest common factor of 4 and i?
4
Suppose -5*m - 1 = -6. Let n be (-100)/(-8) - m/2. Suppose -5*f = -k - 65, 11 = -f - 5*k - 2. What is the highest common factor of n and f?
12
Let l = -3 - -8. Suppose -l*b = w - 18, 5*w + 5*b - 70 = 60. Suppose 4*m + 5*t = -1 + w, -m = -4*t - 12. Calculate the greatest common divisor of 32 and m.
8
Suppose -9*o + 70 = -101. Calculate the highest common factor of 95 and o.
19
Suppose -2 = 3*g - 3*n - 14, -g - 4*n = 16. Suppose -t = -x - 0*x + 78, -3*x + 4*t + 237 = g. Calculate the highest common divisor of x and 50.
25
Let y(j) = 2*j**3 - 1 + j**3 + j**3. Let a be y(1). Suppose -l + 4*l = a. What is the highest common divisor of l and 1?
1
Let z(t) = t**3 - 5*t**2 + 6*t + 9. Let w be z(6). What is the highest common divisor of w and 9?
9
Let d = 1 - -1. Suppose -2 = -4*w + d. What is the greatest common factor of 9 and w?
1
Let w(i) = -9*i**3 + i**2 + i + 1. Suppose -3*y - 2*m - 9 = 0, -4*y + 7 = -5*y - 2*m. Let q be w(y). Calculate the greatest common divisor of q and 20.
10
Let a be 3/(2/(-20)*-2). Let v(m) = -2*m**3 - 2*m**2 - 4*m + 8. Let x be v(-4). What is the greatest common divisor of x and a?
15
Suppose 0 = -2*s + 6, 0*s = -3*o - 2*s + 3. Suppose 5*x - 1 = -21. Let z = o - x. Calculate the highest common factor of 1 and z.
1
Let n = 8 + -2. Let r(v) = v**2 - 5*v - 1. Let j be r(n). Suppose 5*b - 125 = j*z, 0*b - 4*b = 4*z - 116. Calculate the highest common factor of 3 and b.
3
Let f = 4 - 3. Let g(h) = -h - 6. Let k be g(-8). Suppose -k*o + 4 = -2. Calculate the highest common divisor of f and o.
1
Let j(w) = w**2 + 6*w + 3. Let a be j(-6). Let c(v) = 2 + a*v - 5 - v. Let m be c(5). Calculate the highest common divisor of m and 7.
7
Let j(u) = -3 + 2*u + 6 - 11. Let f be j(9). Calculate the greatest common factor of f and 20.
10
Let b = -21 - -32. Let k = 180 - 86. Let f = k + -61. Calculate the highest common divisor of f and b.
11
Suppose -90 = -2*r - 0. Let u = -7 + 10. Suppose 0 = l - a - 15, 0 = 5*l - u*a - 39 - 42. What is the greatest common divisor of l and r?
9
Let m = 20 + -9. Let u(y) = y**3 - 5*y**2 + 4*y - 1. Let i be u(5). Let q = i + m. What is the highest common divisor of 6 and q?
6
Suppose -348 = -5*j + 3*j. Calculate the greatest common factor of j and 29.
29
Suppose -2*h + 7*h = 15. Let z(w) = -18*w - 5. Let g(p) = -53*p - 14. Let f(b) = 4*g(b) - 11*z(b). Let m be f(-2). What is the highest common factor of h and m?
3
Let n = 36 + -26. Suppose -2*s - 5*g = 16, -2*g = -3*s - 0*g + 14. Calculate the highest common divisor of n and s.
2
Suppose -r + 5*i = 9, r - 2*r + 3*i - 5 = 0. Let a be (2 + (2 - -6))/r. Let f = a + 28. What is the greatest common divisor of f and 19?
19
Let a be 6 - (4/2 + -2). Suppose -i = m + i - 2, -3*i + a = 3*m. Suppose -30 - 124 = -m*f. Calculate the highest common divisor of f and 11.
11
Suppose -4*n + 57 + 15 = 0. Calculate the highest common factor of 18 and n.
18
Suppose 4*b - 104 = 5*y - y, 4*y + 20 = b. Suppose v + b = -3*v. Let l = v + 10. What is the highest common divisor of l and 24?
3
Let f(q) = -2*q + 1. Let i be f(-5). Calculate the greatest common divisor of 11 and i.
11
Let y(c) = -c - 2*c + 5*c. Let a be y(2). Suppose 0 = 5*l - a*o + o - 28, -5*l + 5*o = -20. What is the highest common divisor of l and 1?
1
Let x = -12 - -40. Suppose -l + x = l. Calculate the greatest common factor of l and 56.
14
Suppose -65 = -5*c + c + 3*a, -4*a = -5*c + 80. Let x be 0/2 - (0 - 50). What is the highest common factor of c and x?
10
Let x be (6/10)/(15/375). What is the highest common divisor of x and 135?
15
Let n be ((-3)/2)/((-9)/84) - -4. Calculate the highest common factor of 126 and n.
18
Suppose -5*y + 3*w = -34, 4*y - 2*w - 10 = 16. Calculate the greatest common factor of y and 5.
5
Suppose 24 - 3 = l - 5*b, 2*b + 9 = l. Let n = l + 2. What is the greatest common divisor of 3 and n?
3
Let s(r) = -r**3 + 19*r**2 + 23*r - 25. Let f be s(20). Calculate the highest common divisor of 5 and f.
5
Suppose 3 - 6 = -a. What is the highest common divisor of 21 and a?
3
Suppose 3*r - r - 85 = -5*d, -r - 43 = -2*d. Suppose 5 = f - 56. Suppose 3*z + 12 = -2*m + f, -5*m = 2*z - 18. What is the greatest common divisor of z and d?
19
Let w = 8 + -5. Let p = w + -4. Let q be 1 - 0 - (p - -1). What is the greatest common divisor of 5 and q?
1
Suppose g - 6*g - 3 = i, -2*i + 12 = 4*g. Let z = i + -2. Let t be 2 + 5/(z/104). What is the greatest common divisor of t and 6?
6
Let t be (-6)/10 + (-126)/(-35). Let c = 15 - t. Calculate the highest common factor of 18 and c.
6
Let q(h) = h**3 - 4*h**2 - 6*h. Let n(x) = -x + 4. Let c be n(-3). Let s be q(c). Let a be (-2 - s/(-1)) + 2. Calculate the greatest common factor of a and 15.
15
Suppose 0 = 2*s - 34 + 2. Let w be 0 - 7 - (-1 + 1). Let i(f) = -f**2 - 8*f - 3. Let r be i(w). Calculate the highest common factor of r and s.
4
Suppose -4*x + 42 - 2 = 0. Suppose 3*p + 3*n = 44 + x, -5*p = -n - 66. Suppose -84 = -0*t - 3*t. What is the highest common divisor of p and t?
14
Suppose -4*i + 1 = -3*y, 3*i + y = 5*y - 1. Let g be (-6)/i*(-40)/12. Calculate the greatest common divisor of g and 8.
4
Suppose 5*a = -0*a. Suppose 4 = 4*n - a*n. Let z be (-1)/(n/(-9)) - -1. What is the highest common factor of z and 20?
10
Let x be 22/18 + 2/(-9). Let v be 7 + -5 - (-1 + 1). Suppose 5*w + 15 - x = -v*m, 4*m + 3*w = 0. What is the highest common divisor of 3 and m?
3
Let d be -3 - 106/(-2) - 2. Let y(q) = -q + 1. Let v(l) = 14*l - 2. Let g(u) = -v(u) - 2*y(u). Let b be g(-1). Calculate the greatest common divisor of b and d.
12
Let c be 4/10 + (-84)/(-15). Let u = -22 + 37. Calculate the greatest common factor of c and u.
3
Let n(i) = 6*i + 54. Let j be n(-7). What is the highest common divisor of 84 and j?
12
Let c(n) = n - 4*n + n + n - n**2 + 75. Let q be -1 + 1 + (-1 - -1). Let v be c(q). What is the highest common divisor of 30 and v?
15
Let w = 2 + -2. Suppose -6*f + 2*